ppose 1 = 2*h - 15. Let r = 1044 + -1040. What is the highest common divisor of h and r?
4
Suppose -79*j + 63*j = -512. What is the highest common divisor of j and 352?
32
Suppose 4*d - 12 = d. Let f = -15 + 25. Suppose 5*j - 60 = -f. Calculate the highest common divisor of j and d.
2
Suppose 0 = 5*j - 5*b - 50, -3*j + 2*b - 6 + 40 = 0. Let t be (10 - 2)*1*j/4. Suppose r = -4*r + 35. Calculate the highest common factor of t and r.
7
Suppose g - h - 239 = 0, 5*g - 3*h = 1342 - 139. Calculate the highest common factor of 324 and g.
81
Let l(d) = -6*d**3 - 7*d**2 - 10*d - 1. Let z be l(-2). Calculate the greatest common divisor of z and 39.
39
Let n be 4/(-32) + (-678)/(-48). Let i be (-4)/n + 6/21 - -4. Calculate the highest common factor of i and 44.
4
Let t(z) be the second derivative of 2*z**3 + 0 + 1/12*z**4 + z - 5/2*z**2. Let x be t(-13). What is the greatest common divisor of x and 72?
8
Let p(z) = z**2 - 7*z + 15. Let c be p(0). What is the highest common divisor of 15 and c?
15
Suppose -28 + 355 = 3*v - 3*d, -2*v + 230 = -5*d. Calculate the highest common divisor of v and 465.
15
Suppose 0 = 4*t - 0*t - 48. Let u(l) = -l**3 + 22*l**2 - 28*l + 35. Let s be u(20). Suppose -145 = -5*f + s. Calculate the greatest common factor of t and f.
12
Let y be 4*(-2)/8*2. Let w be y + (69 - (3 + 1)). What is the greatest common divisor of 7 and w?
7
Let n = -359 - -424. What is the highest common factor of n and 13?
13
Suppose n - 5*r = 6*n - 220, 2*n + r - 90 = 0. Suppose -346 - 114 = -4*d. Calculate the highest common factor of n and d.
23
Let q = 39 - 58. Suppose 18 = 5*b + 208. Let h = q - b. Calculate the highest common divisor of 57 and h.
19
Let r(y) = 4*y + 4 + 0 + 5 - 14. Let g be r(8). What is the highest common factor of g and 3?
3
Suppose -f - t = 3 - 21, 21 = f + 2*t. Let o be 9/f - 7/(-5). Suppose 7*u - o*u = 50. What is the greatest common divisor of 2 and u?
2
Let j(p) = 4*p - 3. Let n be j(6). Let q = n + 3. Suppose -2*t - v + 16 - 9 = 0, -4*t + 119 = -19*v. What is the highest common divisor of t and q?
6
Let f be (-2)/(-3) + 2368/192. Calculate the greatest common divisor of f and 104.
13
Let c be (-1 - 0)/((-10)/320). Let n(s) = -s**2 - 9*s. Let x be n(-8). Calculate the highest common factor of c and x.
8
Suppose 0*c - c = 3*q - 166, 0 = 5*c + 3*q - 782. Suppose -10*x + c + 66 = 0. Calculate the greatest common factor of x and 22.
22
Suppose -u = -2*u + 2. Suppose -u*k - k + 72 = 0. Suppose 0 = s - 2*a - k, -4*s + 39 = -3*s - 5*a. Calculate the highest common divisor of 2 and s.
2
Suppose 0 = 2*p + 6, -7*z + 2*z + 117 = -4*p. Let c be (2/(-2) - -2) + 188. What is the greatest common factor of c and z?
21
Let m(d) = -d + 4. Let s be m(3). Suppose 2*a - a - 3*y + s = 0, 0 = -a - 4*y - 8. Let l be (-105)/a + 7/(-28). Calculate the highest common factor of l and 39.
13
Let z(h) = 189*h - 108. Let k be z(3). Calculate the greatest common factor of 17 and k.
17
Let x be -1 - (1 + -6) - -1. Suppose 4*u + 3*w - 477 = 0, 0 = 3*u - 0*u + 3*w - 360. Let s = u + -82. What is the greatest common factor of x and s?
5
Suppose -h - 136 = a - 570, -5*h + 2158 = -a. Calculate the highest common divisor of 48 and h.
48
Suppose -2*m = -4*d - 18, -5*m + 6 + 13 = 3*d. Suppose 3*x - q - 126 + 53 = 0, 2*x = -m*q + 77. Calculate the greatest common divisor of 91 and x.
13
Let j = 41 + -23. Let i be (-69)/(-12) + j/(-24). What is the highest common divisor of i and 55?
5
Suppose 5*i + 104 + 100 = 3*r, 0 = -r - 4*i + 85. What is the greatest common factor of r and 219?
73
Suppose 0 = -3*m + 56 + 4. Let p be 12 + 2 + (-1 + 10 - 3). Calculate the greatest common divisor of p and m.
20
Let o be 1/(-6) - ((-890)/12 - -5). What is the greatest common factor of o and 92?
23
Let w be 64/(-36) - (-4)/(-18). Let d be (20/5 - -12)/((-1)/w). Let a be (2 + 0)*12*2. What is the highest common factor of d and a?
16
Let u(c) = c**2 - 7*c. Let t be u(7). Let z = t - -13. Calculate the highest common divisor of z and 13.
13
Suppose 0 = 2*l + 32 - 78. Let v be (411 + (-1 - -4))/2. What is the greatest common factor of v and l?
23
Suppose i + 2 + 1 = -3*g, 70 = 5*i - 2*g. Suppose 0 = 17*j - i*j - 180. Calculate the greatest common divisor of j and 12.
12
Let k(z) = z**2 + 2*z + 66. Let q be k(0). Suppose 0 = 8*i - 346 + q. Calculate the highest common factor of i and 5.
5
Let t = -10 - -55. What is the greatest common divisor of 45 and t?
45
Let l(s) = -28*s - 6. Suppose 4 = n + 4*v + v, 2 = -5*n - 3*v. Let x be l(n). What is the highest common divisor of x and 88?
22
Suppose 2*m = 2*v - 278 - 400, m = -3*v + 1021. Calculate the greatest common divisor of v and 60.
20
Suppose -2*x - 30 = -4*x. Let h(z) = z**3 + 3*z**2 - 6*z - 5. Let c be h(-4). What is the greatest common divisor of c and x?
3
Let p be (-21)/(-1 - 1 - 1). Suppose -3*i + 5 = -p. What is the greatest common factor of i and 36?
4
Suppose 5 = -i - 7. Let o(c) = c**3 + 12*c**2 + 3. Let a be o(i). What is the greatest common factor of a and 15?
3
Let q(f) = -4*f + 4. Let o be q(0). Suppose -56 = 2*h - o*h. What is the highest common divisor of h and 140?
28
Let x be 7*(3 - (4 - 3)). Let f(i) = i**3 + 17*i**2 + 14*i - 4. Let o be f(-16). Calculate the greatest common factor of o and x.
14
Suppose -5*q + m + 145 = 4*m, -q + 7 = 5*m. Let p(v) = -2*v + 10. Let b be p(4). Suppose 0 = b*u - u - 4. What is the highest common divisor of u and q?
4
Let o = -36 - -44. Suppose -2*u + o*d + 31 = 3*d, -4*u + 4*d + 32 = 0. What is the highest common divisor of 27 and u?
3
Let n be (-335)/(-2) + 10/(-20). Suppose -607 + n = 4*g. Let v be 22/4*g/(-11). Calculate the greatest common divisor of 22 and v.
11
Suppose -5*k + 604 = 2*j, -151 = -2*k + 2*j + 85. Suppose 0 = 4*v - 9*v + k. Calculate the highest common factor of 8 and v.
8
Suppose -2*c - 4 = 2*c, 3*q + 3*c - 279 = 0. Calculate the highest common factor of 423 and q.
47
Let v = 95 - 89. Suppose 0 = -v*f + f + 20. What is the greatest common divisor of f and 14?
2
Let b = -660 - -950. Calculate the greatest common factor of b and 116.
58
Suppose q - 3 - 1 = 0. Suppose -q*r - j = -167, 2*r + r - 4*j - 130 = 0. Let d(n) = -n**3 + 28. Let t be d(0). Calculate the highest common divisor of r and t.
14
Suppose -3*g = -2*z - 15, -6*z + 15 = 3*g - 2*z. Let i(o) = -o**2 + 5*o - 5. Let r be i(g). Let p = 3 - r. Calculate the greatest common factor of 1 and p.
1
Let p(a) = -a**3 - 20*a**2 + 184*a + 12. Let t be p(-27). What is the highest common factor of t and 392?
49
Let g(z) = -z**3 - 4*z**2 - 13*z + 32. Let f be g(0). Calculate the greatest common factor of 496 and f.
16
Let c = 31 + 17. Let f = -6 + 8. Suppose -f*g + 25 = 1. Calculate the greatest common factor of c and g.
12
Suppose 0 = -11*v + 41*v - 82560. What is the greatest common divisor of 86 and v?
86
Suppose 416 = -35*a + 48*a. Suppose 0*v = 3*v - 2919. Suppose -5*x + 316 = -3*l + v, 3*x - 9 = 0. What is the highest common factor of a and l?
32
Let c(g) = g + 10. Let k = 13 + -18. Let b be c(k). Suppose h - 3*s + b*s - 9 = 0, s - 50 = -4*h. Calculate the greatest common divisor of 143 and h.
13
Let n(u) = 7*u**2 + 15*u - 2. Let k be n(-3). What is the greatest common divisor of 16 and k?
16
Let h be 202 - (0 - 2) - 4 - 3. Let l = h + -50. Calculate the greatest common factor of 21 and l.
21
Let c(m) = 27*m - 389. Let p be c(15). What is the greatest common divisor of 216 and p?
8
Let p be ((-4)/6)/((-4)/18). Suppose -5*y = 2*m - p*y - 36, -2 = m - 3*y. What is the highest common divisor of 26 and m?
13
Let a(f) = -35*f - 11. Let v be a(-7). Let i = v - 144. Let g(w) = 2*w**2 + 6*w + 2. Let j be g(-4). What is the greatest common factor of j and i?
10
Let k be (1/2)/(2/4). Let i = k - -6. Suppose 3*d - 3*v = 33, 2*d - 30 = 4*v - 0*v. Calculate the greatest common factor of d and i.
7
Suppose 0 = g - 26 + 23. Suppose -5*w + 12 = -2*z - 218, -4*z = -g*w + 138. What is the greatest common divisor of 23 and w?
23
Let f be 8/(-16)*-1*22. Let l(b) = -b**2 + 11*b + 8. Let z be l(f). Calculate the highest common factor of z and 88.
8
Let z(r) = 6*r - 1. Let v be z(1). Let a = 9 - 5. Suppose -a*k + 36 = -24. What is the highest common divisor of k and v?
5
Suppose 11*g = 7252 + 8148. Calculate the greatest common divisor of 